. Suppose -23 = 3*p - 3*y + 1, 3*p + 10 = -4*y. Let a be c(p). Let f = 16 - a. What is the units digit of f?
3
Suppose 3*n + 4*a = -n, 3*a = -n - 4. Let q be (1 + n + -2)*0. Let x = 6 + q. What is the units digit of x?
6
Suppose -47 = -3*l + c + 19, 5*l + 5*c - 110 = 0. What is the units digit of l?
2
Suppose -3*t + 7*t + 5*y = 54, -2*t + 42 = -5*y. Let p = 6 + t. What is the units digit of p?
2
Let h(z) = -2*z - 5. Let c be h(-5). Suppose -3*a = -3*j + 24, 10 = j - c*a + 22. What is the units digit of j?
3
Let q(d) = d**3 - 4*d**2 - d + 2. Let f be q(4). Let r be 5*-1*(f - -1). Suppose -r*p + 0*p = -60. What is the units digit of p?
2
Let c = -8 - -4. Let w = 6 + c. What is the units digit of w?
2
Let d(n) = n**3 + 5*n**2 + 5*n + 3. Let s be d(-4). Let z be (-26 - s)/(-1 + 0). What is the units digit of 4/(-6) - z/(-15)?
1
Suppose -d + 7 + 2 = 0. What is the units digit of d?
9
Let i(u) be the second derivative of u**4/12 - u**3/2 - 3*u**2 + u. Let g be i(5). Suppose -11 = -3*w + y, 18 = 3*w + 2*y + g. What is the units digit of w?
4
Let f(o) = -7*o. Let n be f(-1). Suppose 0 = -n*l + 2*l. What is the units digit of (l + 3 - 2)/1?
1
Let g(v) = 0 - 2*v**2 + 11 - 21*v + 1. What is the units digit of g(-9)?
9
Suppose 0 = 4*v + 58 - 190. What is the units digit of v?
3
Let s be (4/(-2))/((-8)/12). Let f(n) = -2*n**3 - 3*n**3 + n**s + 3*n**3 - 2*n**2. What is the units digit of f(-3)?
9
Let a = -7 + 11. What is the units digit of (-12)/a + (-36)/(-2)?
5
Let l = 97 - 38. What is the units digit of l?
9
Let i(f) = 3*f + 10. Let x(o) = 4*o + 11. Let m(d) = 3*i(d) - 2*x(d). What is the units digit of m(-7)?
1
Suppose -2 + 8 = -2*q. Let d be -6 - q - (1 + -3). Let l(p) = -9*p - 1. What is the units digit of l(d)?
8
Suppose -5*i + 705 = -5*n, 2*i - 2*n + 712 = 7*i. Suppose -2*w - 176 = -5*k, w = 4*k - 0*k - i. What is the tens digit of k?
3
Suppose g = 3*s + 14, -5*g = -3*s - 6 - 4. Let d = g + 1. Let a(h) = -h**3 + h**2 + 8. What is the units digit of a(d)?
8
Let v(u) = 4*u - 2. What is the tens digit of v(9)?
3
Let d = 5 + 0. Suppose d*u - 3*p - 31 = -0*p, 5*p - 15 = 0. Suppose -3*c = -u*c + 5. What is the units digit of c?
1
Suppose l = b - 9, -3*b + 6*b = 4*l + 32. Suppose -b*n - 6 = -78. What is the units digit of n?
8
Suppose 5*g = 2*g + 3. Let n = g - -10. What is the tens digit of n?
1
Let q = 11 - 6. Let l = -1 + q. Suppose -5*m = l*j - 11 - 8, m - 27 = 5*j. What is the units digit of m?
7
Suppose 5*l = 5*k - 0*k, -4*k + 3*l = 3. What is the units digit of (0 + k)/3*-17?
7
Suppose -5*c + 4*k + 7 = 0, c + 3*k - 7*k = -5. Suppose 2*p - c*p - 1 = x, -x - 9 = 3*p. What is the units digit of x?
3
Suppose -5*n - 25 = -5*z, 4*n = 5*z - 0*z - 23. Suppose -4*y = -0*h + h - 132, 0 = -z*h + 12. What is the tens digit of y?
3
Suppose 15 = 5*t - 10. Suppose -5*w + y + 32 = 5*y, -2*w - t*y + 23 = 0. What is the units digit of w?
4
Let t(g) = -g**3 + 7*g**2 - 4*g - 6. Let o be t(6). Suppose -p = -o*p + 45. What is the units digit of p?
9
Let l(y) = 1 + 2*y + 4 - 1. What is the units digit of l(8)?
0
Let q = 200 + -61. What is the tens digit of q?
3
Let t(g) = g**2 + 5*g + 2. Let o be t(-6). Let i(a) = a - 3. What is the units digit of i(o)?
5
Suppose 0 = 4*f + 1 - 9. Suppose 3*r + 1 = f*r - 3*k, 2*r = -4*k. What is the units digit of r?
2
What is the tens digit of 5/30 - (-310)/12?
2
Suppose b + 3*s - 34 = 0, 2*s = -2*b + 54 - 2. Suppose n + b = 6*n + f, -5*n - 5*f = -10. What is the units digit of n?
5
Suppose -8*x + 40 = -6*x. What is the tens digit of x?
2
Let t(l) = l**3 - 7*l**2 - 5*l + 3. What is the units digit of t(8)?
7
Suppose -s = -5*n - 11, 5*s + n - 7 = 2*n. Let q be ((-2)/(-4)*2)/s. What is the units digit of -2*2*q/(-4)?
1
Let n(k) be the second derivative of -1/2*k**3 + 1/20*k**5 + 5/12*k**4 + k - 2*k**2 + 0. What is the units digit of n(-5)?
1
Let t(n) = 2*n**2 + 13*n + 15. What is the tens digit of t(-10)?
8
Let v = 2 + -4. Suppose -54*z - 15 = -57*z. What is the units digit of -1 + 0 + z + v?
2
Let t(u) = -u**3 - 9*u**2 + 9*u - 6. What is the units digit of t(-10)?
4
Let x(p) = -p - 7. Let b be x(-5). Let g = 2 + b. Suppose -5*t - 4*k + 35 = g, 2*k + k = 0. What is the units digit of t?
7
Let j = -3 + -8. Let c be j/(-1)*(-1 - -2). Suppose 3*n - 12 = 4*w + c, 5 = -w. What is the units digit of n?
1
Let x(c) = -c**3 - 9*c**2 - 4*c - 2. What is the units digit of x(-10)?
8
What is the tens digit of -6 + 2 - (-1 + -18)?
1
Let u be (1/2)/((-4)/(-8)). Suppose 3*d + 11 = -u, -42 = -2*n + 3*d. What is the tens digit of n?
1
Suppose 4*d + 0*d = 12. Suppose 20 = j + d*j. What is the units digit of j?
5
Suppose -9 - 7 = -4*r. Suppose 0 = -2*s + 6*s - r. What is the units digit of s?
1
Suppose 3*t + 3 + 6 = 0. What is the units digit of (-1)/3 - 25/t?
8
Let o(j) = j**3 - 9*j**2 + 10*j - 15. What is the units digit of o(8)?
1
Suppose f - 2*f + 2 = 3*i, 4*i + f - 4 = 0. What is the units digit of i/(3*(-3)/(-72))?
6
Let u be 4 - 0/(2 + -1). Let l = 10 - u. Let r = l + 1. What is the units digit of r?
7
What is the units digit of (18/(-15))/((-8)/420)?
3
Let k(g) = 6*g - 1. Let r be (2/(-4))/(2/(-4)). Let u be k(r). Suppose 2*b - 13 = u. What is the units digit of b?
9
Let o = 147 - 95. Let u = 44 - 78. Let s = o + u. What is the units digit of s?
8
Let q = 11 + -6. Let i = q + -3. What is the units digit of i?
2
Let j(b) = -b**2 + 2*b + 1. Let w be j(2). Let y(l) = 19*l**2 + l - 1. Let r be y(w). Let h = r - 13. What is the units digit of h?
6
Suppose 6*p = 4*p + 108. What is the units digit of p?
4
What is the units digit of (-6)/(-4)*276/18?
3
Suppose 2*g = -3*g + 70. Let k be (g/6 + -2)*0. Suppose -2*y - 5*o + 44 = 2*y, -4*y + 4*o + 44 = k. What is the tens digit of y?
1
Suppose -4*o = 2*f - 428, 0*f = -2*o + f + 218. What is the tens digit of o?
0
Suppose -2*s + 16 = 2*s. Suppose a = -s*a. Suppose 2*p + a - 4 = 0. What is the units digit of p?
2
Let y = 6 + -4. Let v be (-6)/12 + (-3)/y. Let o(z) = z**3 + 4*z**2 - z - 1. What is the units digit of o(v)?
9
Suppose -5*q - 47 + 17 = 0. Let x(w) = -2*w + 3. What is the units digit of x(q)?
5
Let k = -9 + 113. What is the tens digit of k?
0
Let b(s) = -s + 6. Suppose 0 = -z - 3*f + 3, -4*f = 4*z - 2*z - 14. Suppose -g + z = 5*r, 5*g + r - 4 + 1 = 0. What is the units digit of b(g)?
6
Let u(x) = x**3 - 4*x**2 + 3*x + 4. Let r be u(5). What is the units digit of 28*-1*(-33)/r?
1
Let r(g) = g**2 - 8*g + 5. Let k = -3 - -5. Let u be (-18)/(-2) - (3 - k). What is the units digit of r(u)?
5
Let i(d) = -d**2 + 4*d - 3. Let r be i(3). Suppose r = 5*u - u - 4. What is the units digit of u?
1
Let m = -5 - -14. Suppose 5*x = -4*a + 67, a + 5*x - m = 4. What is the tens digit of a?
1
Let p be 1 + -1*(3 - 5). Suppose -2*i + p*i = 5. Let w(f) = -f**2 + 7*f + 2. What is the tens digit of w(i)?
1
Let t(a) be the first derivative of a**4/4 - 5*a**3/3 - 3*a**2/2 - 6*a - 1. What is the units digit of t(6)?
2
Let f = -88 + 123. What is the units digit of f?
5
Suppose -3*m - 2 = -5. Let h(i) = 6*i**2 + 4*i**3 - 4*i**3 + 3 + i**3 - i - m. What is the units digit of h(-6)?
8
Let z(l) = -l**3 + 6*l**2 + 2*l + 5. Let p be z(7). What is the units digit of (p/5)/(2/(-2))?
6
Let s = 3 + -1. Suppose l - 3*a - 30 = 0, 80 = 2*l + 2*l - s*a. What is the tens digit of l?
1
Suppose -b + f = 2*f + 10, 0 = -f - 5. What is the units digit of (35/(-2))/b*2?
7
Suppose 0 = 4*j - h - 100 - 899, -2*h = 5*j - 1265. What is the tens digit of j?
5
Let n(m) = 2*m. Let u be n(-1). Let r(q) = -3*q**3 - 2*q**2 + q - 1. What is the tens digit of r(u)?
1
Suppose n = -3*u + 10, -3*u = n - 2*n - 2. Let h = u - 2. Let g = 7 - h. What is the units digit of g?
7
Let i(d) = -d**3 - 8*d**2 + 5*d + 9. What is the tens digit of i(-9)?
4
Let z be (-3)/1 - (1 - 17). Let y be z/(-3) - 2/3. What is the units digit of (y/2)/((-3)/18)?
5
Let a be ((-1)/(-2))/((-3)/(-12)). Suppose 3*m - 2*h = 35, 0 = 4*m + m + a*h - 37. Suppose 12 = 5*k - y - 9, -y = -2*k + m. What is the units digit of k?
4
Suppose -656 = 3*m + m. What is the units digit of 9/3*m/(-12)?
1
Let g(m) = m. Let d be g(0). Let x = d - -2. What is the units digit of x?
2
Let t be ((-39)/(-12))/((-2)/8). Let q = t - -20. Let g(i) = -i**3 + 7*i**2 + 7. What is the units digit of g(q)?
7
Let z be 6 + -1 - (